{"id":45,"date":"2025-06-10T20:46:45","date_gmt":"2025-06-10T20:46:45","guid":{"rendered":"https:\/\/teatteritulikarpanen.fi\/?page_id=45"},"modified":"2025-08-22T17:31:55","modified_gmt":"2025-08-22T17:31:55","slug":"taikametsan-tarinoita","status":"publish","type":"page","link":"https:\/\/teatteritulikarpanen.fi\/?page_id=45","title":{"rendered":"Sadut her\u00e4\u00e4v\u00e4t eloon elokuussa!"},"content":{"rendered":"\n<p>Teatteri Tulik\u00e4rp\u00e4sen lastenn\u00e4ytelm\u00e4 muodostuu kolmesta klassikkosadusta. Lavalla n\u00e4hd\u00e4\u00e4n kuinka Kultakutri ja kolme karhua, J\u00e4nis ja Kilpikonna sek\u00e4 Punahilkka her\u00e4\u00e4v\u00e4t eloon mets\u00e4nhengen satukirjasta tunnin kest\u00e4v\u00e4ss\u00e4 satuteatteriesityksess\u00e4. Tarinat ovat kaikille tuttuja ja sopivat mink\u00e4 ik\u00e4isille tahansa. Tervetuloa nauttimaan ihanasta satuhetkest\u00e4!<\/p>\n\n\n\n<p>N\u00e4ytelm\u00e4 soveltuu kaiken ik\u00e4isille. N\u00e4ytelm\u00e4 kest\u00e4\u00e4 noin yhden tunnin. V\u00e4liajalla saa ostaa kahvia ja virvokkeita sek\u00e4 ottaa kuvia satuhahmojen kanssa.<\/p>\n\n\n\n<figure class=\"wp-block-embed aligncenter is-type-video is-provider-flickr wp-block-embed-flickr\" style=\"margin-top:var(--wp--preset--spacing--20);margin-bottom:var(--wp--preset--spacing--20)\"><div class=\"wp-block-embed__wrapper\">\n<div style=\"top: 0; left: 0; width: 100%; height: 0; position: relative; padding-bottom: 56.25%;\">\t\t\t\t<iframe loading=\"lazy\" title=\"Taikamets\u00e4n Tarinoita traileri\" style=\"width: 100%; height: 100%; position: absolute;\"  src=\"https:\/\/embedr.flickr.com\/photos\/54662549111\" width=\"500\" height=\"281\" frameborder=\"0\" allow=\"autoplay; fullscreen\" allowfullscreen><\/iframe><\/div>\n<\/div><\/figure>\n\n\n\n<div class=\"wp-block-buttons is-content-justification-center is-layout-flex wp-container-core-buttons-is-layout-a89b3969 wp-block-buttons-is-layout-flex\">\n<div class=\"wp-block-button\"><a class=\"wp-block-button__link has-text-align-center wp-element-button\" href=\"https:\/\/biletti.fi\/e\/taikametsan-tarinoita\" target=\"_blank\" rel=\"noreferrer noopener\">Osta liput<\/a><\/div>\n<\/div>\n\n\n\n<p>Lippuja myyd\u00e4\u00e4n my\u00f6s esityspaikalla, jossa on k\u00e4yt\u00f6ss\u00e4 vain korttimaksu.<\/p>\n\n\n<style type=\"text\/css\">\n#foogallery-gallery-187 .fg-image { width: 150px; }\n#foogallery-gallery-187 { --fg-gutter: 10px; }<\/style>\n\t\t\t<div class=\"foogallery foogallery-container foogallery-default foogallery-lightbox-foogallery fg-center fg-default fg-ready fg-dark fg-border-thin fg-shadow-outline fg-loading-default fg-loaded-fade-in fg-caption-hover fg-hover-fade fg-hover-zoom\" id=\"foogallery-gallery-187\" data-foogallery=\"{&quot;item&quot;:{&quot;showCaptionTitle&quot;:true,&quot;showCaptionDescription&quot;:true},&quot;lazy&quot;:true}\" data-foogallery-lightbox=\"{&quot;thumbs&quot;:&quot;bottom&quot;,&quot;thumbsCaptions&quot;:false,&quot;thumbsBestFit&quot;:false,&quot;thumbsSmall&quot;:false,&quot;thumbsCaptionsAlign&quot;:&quot;default&quot;,&quot;info&quot;:&quot;bottom&quot;,&quot;infoVisible&quot;:true,&quot;infoOverlay&quot;:true,&quot;infoAlign&quot;:&quot;default&quot;,&quot;transition&quot;:&quot;fade&quot;,&quot;hoverButtons&quot;:false,&quot;fitMedia&quot;:false,&quot;noScrollbars&quot;:true,&quot;preserveButtonSpace&quot;:true,&quot;buttons&quot;:{&quot;fullscreen&quot;:true,&quot;info&quot;:true,&quot;thumbs&quot;:false},&quot;video&quot;:{&quot;autoPlay&quot;:true}}\" style=\"--fg-title-line-clamp: 0; --fg-description-line-clamp: 0;\" >\n\t<div class=\"fg-item fg-type-image fg-idle\"><figure class=\"fg-item-inner\"><a href=\"https:\/\/teatteritulikarpanen.fi\/wp-content\/uploads\/2025\/07\/lava_metsanhenki_01_IG-p.jpg\" data-attachment-id=\"252\" data-type=\"image\" class=\"fg-thumb\"><span class=\"fg-image-wrap\"><img decoding=\"async\" width=\"150\" height=\"150\" class=\"skip-lazy fg-image\" data-src-fg=\"https:\/\/teatteritulikarpanen.fi\/wp-content\/uploads\/cache\/2025\/07\/lava_metsanhenki_01_IG-p\/4180381046.jpg\" src=\"data:image\/svg+xml,%3Csvg%20xmlns%3D%22http%3A%2F%2Fwww.w3.org%2F2000%2Fsvg%22%20width%3D%22150%22%20height%3D%22150%22%20viewBox%3D%220%200%20150%20150%22%3E%3C%2Fsvg%3E\" loading=\"eager\"><\/span><span class=\"fg-image-overlay\"><\/span><\/a><\/figure><div class=\"fg-loader\"><\/div><\/div><div class=\"fg-item fg-type-image fg-idle\"><figure class=\"fg-item-inner\"><a href=\"https:\/\/teatteritulikarpanen.fi\/wp-content\/uploads\/2025\/07\/lava_kultakutri-ja-kolme-karhua_02_IG-h.jpg\" data-attachment-id=\"246\" data-type=\"image\" class=\"fg-thumb\"><span class=\"fg-image-wrap\"><img decoding=\"async\" width=\"150\" height=\"150\" class=\"skip-lazy fg-image\" data-src-fg=\"https:\/\/teatteritulikarpanen.fi\/wp-content\/uploads\/cache\/2025\/07\/lava_kultakutri-ja-kolme-karhua_02_IG-h\/3369077327.jpg\" src=\"data:image\/svg+xml,%3Csvg%20xmlns%3D%22http%3A%2F%2Fwww.w3.org%2F2000%2Fsvg%22%20width%3D%22150%22%20height%3D%22150%22%20viewBox%3D%220%200%20150%20150%22%3E%3C%2Fsvg%3E\" loading=\"eager\"><\/span><span class=\"fg-image-overlay\"><\/span><\/a><\/figure><div class=\"fg-loader\"><\/div><\/div><div class=\"fg-item fg-type-image fg-idle\"><figure class=\"fg-item-inner\"><a href=\"https:\/\/teatteritulikarpanen.fi\/wp-content\/uploads\/2025\/07\/lava_janis-ja-kilpikonna_02_IG-p.jpg\" data-attachment-id=\"244\" data-type=\"image\" class=\"fg-thumb\"><span class=\"fg-image-wrap\"><img decoding=\"async\" width=\"150\" height=\"150\" class=\"skip-lazy fg-image\" data-src-fg=\"https:\/\/teatteritulikarpanen.fi\/wp-content\/uploads\/cache\/2025\/07\/lava_janis-ja-kilpikonna_02_IG-p\/3370238142.jpg\" src=\"data:image\/svg+xml,%3Csvg%20xmlns%3D%22http%3A%2F%2Fwww.w3.org%2F2000%2Fsvg%22%20width%3D%22150%22%20height%3D%22150%22%20viewBox%3D%220%200%20150%20150%22%3E%3C%2Fsvg%3E\" loading=\"eager\"><\/span><span class=\"fg-image-overlay\"><\/span><\/a><\/figure><div class=\"fg-loader\"><\/div><\/div><div class=\"fg-item fg-type-image fg-idle\"><figure class=\"fg-item-inner\"><a href=\"https:\/\/teatteritulikarpanen.fi\/wp-content\/uploads\/2025\/07\/lava_punahilkka_01_IG-h.jpg\" data-attachment-id=\"255\" data-type=\"image\" class=\"fg-thumb\"><span class=\"fg-image-wrap\"><img decoding=\"async\" width=\"150\" height=\"150\" class=\"skip-lazy fg-image\" data-src-fg=\"https:\/\/teatteritulikarpanen.fi\/wp-content\/uploads\/cache\/2025\/07\/lava_punahilkka_01_IG-h\/4131033692.jpg\" src=\"data:image\/svg+xml,%3Csvg%20xmlns%3D%22http%3A%2F%2Fwww.w3.org%2F2000%2Fsvg%22%20width%3D%22150%22%20height%3D%22150%22%20viewBox%3D%220%200%20150%20150%22%3E%3C%2Fsvg%3E\" loading=\"eager\"><\/span><span class=\"fg-image-overlay\"><\/span><\/a><\/figure><div class=\"fg-loader\"><\/div><\/div><div class=\"fg-item fg-type-image fg-idle\"><figure class=\"fg-item-inner\"><a href=\"https:\/\/teatteritulikarpanen.fi\/wp-content\/uploads\/2025\/07\/lava_kultakutri-ja-kolme-karhua_03_IG-h.jpg\" data-attachment-id=\"247\" data-type=\"image\" class=\"fg-thumb\"><span class=\"fg-image-wrap\"><img decoding=\"async\" width=\"150\" height=\"150\" class=\"skip-lazy fg-image\" data-src-fg=\"https:\/\/teatteritulikarpanen.fi\/wp-content\/uploads\/cache\/2025\/07\/lava_kultakutri-ja-kolme-karhua_03_IG-h\/707129153.jpg\" src=\"data:image\/svg+xml,%3Csvg%20xmlns%3D%22http%3A%2F%2Fwww.w3.org%2F2000%2Fsvg%22%20width%3D%22150%22%20height%3D%22150%22%20viewBox%3D%220%200%20150%20150%22%3E%3C%2Fsvg%3E\" loading=\"eager\"><\/span><span class=\"fg-image-overlay\"><\/span><\/a><\/figure><div class=\"fg-loader\"><\/div><\/div><div class=\"fg-item fg-type-image fg-idle\"><figure class=\"fg-item-inner\"><a href=\"https:\/\/teatteritulikarpanen.fi\/wp-content\/uploads\/2025\/07\/lava_kultakutri-ja-kolme-karhua_05_IG-h.jpg\" data-attachment-id=\"249\" data-type=\"image\" class=\"fg-thumb\"><span class=\"fg-image-wrap\"><img decoding=\"async\" width=\"150\" height=\"150\" class=\"skip-lazy fg-image\" data-src-fg=\"https:\/\/teatteritulikarpanen.fi\/wp-content\/uploads\/cache\/2025\/07\/lava_kultakutri-ja-kolme-karhua_05_IG-h\/702699967.jpg\" src=\"data:image\/svg+xml,%3Csvg%20xmlns%3D%22http%3A%2F%2Fwww.w3.org%2F2000%2Fsvg%22%20width%3D%22150%22%20height%3D%22150%22%20viewBox%3D%220%200%20150%20150%22%3E%3C%2Fsvg%3E\" loading=\"eager\"><\/span><span class=\"fg-image-overlay\"><\/span><\/a><\/figure><div class=\"fg-loader\"><\/div><\/div><div class=\"fg-item fg-type-image fg-idle\"><figure class=\"fg-item-inner\"><a href=\"https:\/\/teatteritulikarpanen.fi\/wp-content\/uploads\/2025\/07\/lava_kultakutri-ja-kolme-karhua_07_IG-h.jpg\" data-attachment-id=\"251\" data-type=\"image\" class=\"fg-thumb\"><span class=\"fg-image-wrap\"><img decoding=\"async\" width=\"150\" height=\"150\" class=\"skip-lazy fg-image\" data-src-fg=\"https:\/\/teatteritulikarpanen.fi\/wp-content\/uploads\/cache\/2025\/07\/lava_kultakutri-ja-kolme-karhua_07_IG-h\/327366521.jpg\" src=\"data:image\/svg+xml,%3Csvg%20xmlns%3D%22http%3A%2F%2Fwww.w3.org%2F2000%2Fsvg%22%20width%3D%22150%22%20height%3D%22150%22%20viewBox%3D%220%200%20150%20150%22%3E%3C%2Fsvg%3E\" loading=\"eager\"><\/span><span class=\"fg-image-overlay\"><\/span><\/a><\/figure><div class=\"fg-loader\"><\/div><\/div><div class=\"fg-item fg-type-image fg-idle\"><figure class=\"fg-item-inner\"><a href=\"https:\/\/teatteritulikarpanen.fi\/wp-content\/uploads\/2025\/07\/lava_kultakutri-ja-kolme-karhua_04_IG-p.jpg\" data-attachment-id=\"248\" data-type=\"image\" class=\"fg-thumb\"><span class=\"fg-image-wrap\"><img decoding=\"async\" width=\"150\" height=\"150\" class=\"skip-lazy fg-image\" data-src-fg=\"https:\/\/teatteritulikarpanen.fi\/wp-content\/uploads\/cache\/2025\/07\/lava_kultakutri-ja-kolme-karhua_04_IG-p\/1682544175.jpg\" src=\"data:image\/svg+xml,%3Csvg%20xmlns%3D%22http%3A%2F%2Fwww.w3.org%2F2000%2Fsvg%22%20width%3D%22150%22%20height%3D%22150%22%20viewBox%3D%220%200%20150%20150%22%3E%3C%2Fsvg%3E\" loading=\"eager\"><\/span><span class=\"fg-image-overlay\"><\/span><\/a><\/figure><div class=\"fg-loader\"><\/div><\/div><div class=\"fg-item fg-type-image fg-idle\"><figure class=\"fg-item-inner\"><a href=\"https:\/\/teatteritulikarpanen.fi\/wp-content\/uploads\/2025\/07\/lava_kultakutri-ja-kolme-karhua_06_IG-h.jpg\" data-attachment-id=\"250\" data-type=\"image\" class=\"fg-thumb\"><span class=\"fg-image-wrap\"><img decoding=\"async\" width=\"150\" height=\"150\" class=\"skip-lazy fg-image\" data-src-fg=\"https:\/\/teatteritulikarpanen.fi\/wp-content\/uploads\/cache\/2025\/07\/lava_kultakutri-ja-kolme-karhua_06_IG-h\/4051096183.jpg\" src=\"data:image\/svg+xml,%3Csvg%20xmlns%3D%22http%3A%2F%2Fwww.w3.org%2F2000%2Fsvg%22%20width%3D%22150%22%20height%3D%22150%22%20viewBox%3D%220%200%20150%20150%22%3E%3C%2Fsvg%3E\" loading=\"eager\"><\/span><span class=\"fg-image-overlay\"><\/span><\/a><\/figure><div class=\"fg-loader\"><\/div><\/div><div class=\"fg-item fg-type-image fg-idle\"><figure class=\"fg-item-inner\"><a href=\"https:\/\/teatteritulikarpanen.fi\/wp-content\/uploads\/2025\/07\/lava_pikkukarhu_01_IG-h.jpg\" data-attachment-id=\"254\" data-type=\"image\" class=\"fg-thumb\"><span class=\"fg-image-wrap\"><img decoding=\"async\" width=\"150\" height=\"150\" class=\"skip-lazy fg-image\" data-src-fg=\"https:\/\/teatteritulikarpanen.fi\/wp-content\/uploads\/cache\/2025\/07\/lava_pikkukarhu_01_IG-h\/197248962.jpg\" src=\"data:image\/svg+xml,%3Csvg%20xmlns%3D%22http%3A%2F%2Fwww.w3.org%2F2000%2Fsvg%22%20width%3D%22150%22%20height%3D%22150%22%20viewBox%3D%220%200%20150%20150%22%3E%3C%2Fsvg%3E\" loading=\"eager\"><\/span><span class=\"fg-image-overlay\"><\/span><\/a><\/figure><div class=\"fg-loader\"><\/div><\/div><div class=\"fg-item fg-type-image fg-idle\"><figure class=\"fg-item-inner\"><a href=\"https:\/\/teatteritulikarpanen.fi\/wp-content\/uploads\/2025\/07\/lava_janis-ja-kilpikonna_03_IG-p.jpg\" data-attachment-id=\"245\" data-type=\"image\" class=\"fg-thumb\"><span class=\"fg-image-wrap\"><img decoding=\"async\" width=\"150\" height=\"150\" class=\"skip-lazy fg-image\" data-src-fg=\"https:\/\/teatteritulikarpanen.fi\/wp-content\/uploads\/cache\/2025\/07\/lava_janis-ja-kilpikonna_03_IG-p\/2884348109.jpg\" src=\"data:image\/svg+xml,%3Csvg%20xmlns%3D%22http%3A%2F%2Fwww.w3.org%2F2000%2Fsvg%22%20width%3D%22150%22%20height%3D%22150%22%20viewBox%3D%220%200%20150%20150%22%3E%3C%2Fsvg%3E\" loading=\"eager\"><\/span><span class=\"fg-image-overlay\"><\/span><\/a><\/figure><div class=\"fg-loader\"><\/div><\/div><div class=\"fg-item fg-type-image fg-idle\"><figure class=\"fg-item-inner\"><a href=\"https:\/\/teatteritulikarpanen.fi\/wp-content\/uploads\/2025\/07\/lava_janis-ja-kilpikonna_01_IG-h.jpg\" data-attachment-id=\"243\" data-type=\"image\" class=\"fg-thumb\"><span class=\"fg-image-wrap\"><img decoding=\"async\" width=\"150\" height=\"150\" class=\"skip-lazy fg-image\" data-src-fg=\"https:\/\/teatteritulikarpanen.fi\/wp-content\/uploads\/cache\/2025\/07\/lava_janis-ja-kilpikonna_01_IG-h\/1430298542.jpg\" src=\"data:image\/svg+xml,%3Csvg%20xmlns%3D%22http%3A%2F%2Fwww.w3.org%2F2000%2Fsvg%22%20width%3D%22150%22%20height%3D%22150%22%20viewBox%3D%220%200%20150%20150%22%3E%3C%2Fsvg%3E\" loading=\"eager\"><\/span><span class=\"fg-image-overlay\"><\/span><\/a><\/figure><div class=\"fg-loader\"><\/div><\/div><div class=\"fg-item fg-type-image fg-idle\"><figure class=\"fg-item-inner\"><a href=\"https:\/\/teatteritulikarpanen.fi\/wp-content\/uploads\/2025\/07\/promo_Punahilkka_01_IG-h.jpg\" data-attachment-id=\"262\" data-type=\"image\" class=\"fg-thumb\"><span class=\"fg-image-wrap\"><img decoding=\"async\" width=\"150\" height=\"150\" class=\"skip-lazy fg-image\" data-src-fg=\"https:\/\/teatteritulikarpanen.fi\/wp-content\/uploads\/cache\/2025\/07\/promo_Punahilkka_01_IG-h\/3827424743.jpg\" src=\"data:image\/svg+xml,%3Csvg%20xmlns%3D%22http%3A%2F%2Fwww.w3.org%2F2000%2Fsvg%22%20width%3D%22150%22%20height%3D%22150%22%20viewBox%3D%220%200%20150%20150%22%3E%3C%2Fsvg%3E\" loading=\"eager\"><\/span><span class=\"fg-image-overlay\"><\/span><\/a><\/figure><div class=\"fg-loader\"><\/div><\/div><div class=\"fg-item fg-type-image fg-idle\"><figure class=\"fg-item-inner\"><a href=\"https:\/\/teatteritulikarpanen.fi\/wp-content\/uploads\/2025\/07\/promo_Punahilkka-susi_01_IG-h.jpg\" data-attachment-id=\"263\" data-type=\"image\" class=\"fg-thumb\"><span class=\"fg-image-wrap\"><img decoding=\"async\" width=\"150\" height=\"150\" class=\"skip-lazy fg-image\" data-src-fg=\"https:\/\/teatteritulikarpanen.fi\/wp-content\/uploads\/cache\/2025\/07\/promo_Punahilkka-susi_01_IG-h\/793108922.jpg\" src=\"data:image\/svg+xml,%3Csvg%20xmlns%3D%22http%3A%2F%2Fwww.w3.org%2F2000%2Fsvg%22%20width%3D%22150%22%20height%3D%22150%22%20viewBox%3D%220%200%20150%20150%22%3E%3C%2Fsvg%3E\" loading=\"eager\"><\/span><span class=\"fg-image-overlay\"><\/span><\/a><\/figure><div class=\"fg-loader\"><\/div><\/div><div class=\"fg-item fg-type-image fg-idle\"><figure class=\"fg-item-inner\"><a href=\"https:\/\/teatteritulikarpanen.fi\/wp-content\/uploads\/2025\/07\/lava_metsuri_01_IG-p.jpg\" data-attachment-id=\"253\" data-type=\"image\" class=\"fg-thumb\"><span class=\"fg-image-wrap\"><img decoding=\"async\" width=\"150\" height=\"150\" class=\"skip-lazy fg-image\" data-src-fg=\"https:\/\/teatteritulikarpanen.fi\/wp-content\/uploads\/cache\/2025\/07\/lava_metsuri_01_IG-p\/911455436.jpg\" src=\"data:image\/svg+xml,%3Csvg%20xmlns%3D%22http%3A%2F%2Fwww.w3.org%2F2000%2Fsvg%22%20width%3D%22150%22%20height%3D%22150%22%20viewBox%3D%220%200%20150%20150%22%3E%3C%2Fsvg%3E\" loading=\"eager\"><\/span><span class=\"fg-image-overlay\"><\/span><\/a><\/figure><div class=\"fg-loader\"><\/div><\/div><div class=\"fg-item fg-type-image fg-idle\"><figure class=\"fg-item-inner\"><a href=\"https:\/\/teatteritulikarpanen.fi\/wp-content\/uploads\/2025\/07\/lava_punahilkka_susi_00_IG-h.jpg\" data-attachment-id=\"256\" data-type=\"image\" class=\"fg-thumb\"><span class=\"fg-image-wrap\"><img decoding=\"async\" width=\"150\" height=\"150\" class=\"skip-lazy fg-image\" data-src-fg=\"https:\/\/teatteritulikarpanen.fi\/wp-content\/uploads\/cache\/2025\/07\/lava_punahilkka_susi_00_IG-h\/3068554060.jpg\" src=\"data:image\/svg+xml,%3Csvg%20xmlns%3D%22http%3A%2F%2Fwww.w3.org%2F2000%2Fsvg%22%20width%3D%22150%22%20height%3D%22150%22%20viewBox%3D%220%200%20150%20150%22%3E%3C%2Fsvg%3E\" loading=\"eager\"><\/span><span class=\"fg-image-overlay\"><\/span><\/a><\/figure><div class=\"fg-loader\"><\/div><\/div><div class=\"fg-item fg-type-image fg-idle\"><figure class=\"fg-item-inner\"><a href=\"https:\/\/teatteritulikarpanen.fi\/wp-content\/uploads\/2025\/07\/lava_susi_01_IG-p.jpg\" data-attachment-id=\"259\" data-type=\"image\" class=\"fg-thumb\"><span class=\"fg-image-wrap\"><img decoding=\"async\" width=\"150\" height=\"150\" class=\"skip-lazy fg-image\" data-src-fg=\"https:\/\/teatteritulikarpanen.fi\/wp-content\/uploads\/cache\/2025\/07\/lava_susi_01_IG-p\/152594323.jpg\" src=\"data:image\/svg+xml,%3Csvg%20xmlns%3D%22http%3A%2F%2Fwww.w3.org%2F2000%2Fsvg%22%20width%3D%22150%22%20height%3D%22150%22%20viewBox%3D%220%200%20150%20150%22%3E%3C%2Fsvg%3E\" loading=\"eager\"><\/span><span class=\"fg-image-overlay\"><\/span><\/a><\/figure><div class=\"fg-loader\"><\/div><\/div><div class=\"fg-item fg-type-image fg-idle\"><figure class=\"fg-item-inner\"><a href=\"https:\/\/teatteritulikarpanen.fi\/wp-content\/uploads\/2025\/07\/lava_susi_03_IG-p.jpg\" data-attachment-id=\"261\" data-type=\"image\" class=\"fg-thumb\"><span class=\"fg-image-wrap\"><img decoding=\"async\" width=\"150\" height=\"150\" class=\"skip-lazy fg-image\" data-src-fg=\"https:\/\/teatteritulikarpanen.fi\/wp-content\/uploads\/cache\/2025\/07\/lava_susi_03_IG-p\/1774581218.jpg\" src=\"data:image\/svg+xml,%3Csvg%20xmlns%3D%22http%3A%2F%2Fwww.w3.org%2F2000%2Fsvg%22%20width%3D%22150%22%20height%3D%22150%22%20viewBox%3D%220%200%20150%20150%22%3E%3C%2Fsvg%3E\" loading=\"eager\"><\/span><span class=\"fg-image-overlay\"><\/span><\/a><\/figure><div class=\"fg-loader\"><\/div><\/div><div class=\"fg-item fg-type-image fg-idle\"><figure class=\"fg-item-inner\"><a href=\"https:\/\/teatteritulikarpanen.fi\/wp-content\/uploads\/2025\/07\/lava_susi_02_IG-p.jpg\" data-attachment-id=\"260\" data-type=\"image\" class=\"fg-thumb\"><span class=\"fg-image-wrap\"><img decoding=\"async\" width=\"150\" height=\"150\" class=\"skip-lazy fg-image\" data-src-fg=\"https:\/\/teatteritulikarpanen.fi\/wp-content\/uploads\/cache\/2025\/07\/lava_susi_02_IG-p\/978633405.jpg\" src=\"data:image\/svg+xml,%3Csvg%20xmlns%3D%22http%3A%2F%2Fwww.w3.org%2F2000%2Fsvg%22%20width%3D%22150%22%20height%3D%22150%22%20viewBox%3D%220%200%20150%20150%22%3E%3C%2Fsvg%3E\" loading=\"eager\"><\/span><span class=\"fg-image-overlay\"><\/span><\/a><\/figure><div class=\"fg-loader\"><\/div><\/div><div class=\"fg-item fg-type-image fg-idle\"><figure class=\"fg-item-inner\"><a href=\"https:\/\/teatteritulikarpanen.fi\/wp-content\/uploads\/2025\/07\/lava_punahilkka_susi_02_IG-p.jpg\" data-attachment-id=\"257\" data-type=\"image\" class=\"fg-thumb\"><span class=\"fg-image-wrap\"><img decoding=\"async\" width=\"150\" height=\"150\" class=\"skip-lazy fg-image\" data-src-fg=\"https:\/\/teatteritulikarpanen.fi\/wp-content\/uploads\/cache\/2025\/07\/lava_punahilkka_susi_02_IG-p\/4133970193.jpg\" src=\"data:image\/svg+xml,%3Csvg%20xmlns%3D%22http%3A%2F%2Fwww.w3.org%2F2000%2Fsvg%22%20width%3D%22150%22%20height%3D%22150%22%20viewBox%3D%220%200%20150%20150%22%3E%3C%2Fsvg%3E\" loading=\"eager\"><\/span><span class=\"fg-image-overlay\"><\/span><\/a><\/figure><div class=\"fg-loader\"><\/div><\/div><div class=\"fg-item fg-type-image fg-idle\"><figure class=\"fg-item-inner\"><a href=\"https:\/\/teatteritulikarpanen.fi\/wp-content\/uploads\/2025\/07\/lava_punahilkka_susi_03_IG-h.jpg\" data-attachment-id=\"258\" data-type=\"image\" class=\"fg-thumb\"><span class=\"fg-image-wrap\"><img decoding=\"async\" width=\"150\" height=\"150\" class=\"skip-lazy fg-image\" data-src-fg=\"https:\/\/teatteritulikarpanen.fi\/wp-content\/uploads\/cache\/2025\/07\/lava_punahilkka_susi_03_IG-h\/1006489590.jpg\" src=\"data:image\/svg+xml,%3Csvg%20xmlns%3D%22http%3A%2F%2Fwww.w3.org%2F2000%2Fsvg%22%20width%3D%22150%22%20height%3D%22150%22%20viewBox%3D%220%200%20150%20150%22%3E%3C%2Fsvg%3E\" loading=\"eager\"><\/span><span class=\"fg-image-overlay\"><\/span><\/a><\/figure><div class=\"fg-loader\"><\/div><\/div><div class=\"fg-item fg-type-image fg-idle\"><figure class=\"fg-item-inner\"><a href=\"https:\/\/teatteritulikarpanen.fi\/wp-content\/uploads\/2025\/07\/Taikametsa_promo_punahilkka_01-web.jpg\" data-attachment-id=\"188\" data-type=\"image\" class=\"fg-thumb\"><span class=\"fg-image-wrap\"><img decoding=\"async\" alt=\"Taikamets\u00e4n Tarinoita\" width=\"150\" height=\"150\" class=\"skip-lazy fg-image\" data-src-fg=\"https:\/\/teatteritulikarpanen.fi\/wp-content\/uploads\/cache\/2025\/07\/Taikametsa_promo_punahilkka_01-web\/3583344462.jpg\" src=\"data:image\/svg+xml,%3Csvg%20xmlns%3D%22http%3A%2F%2Fwww.w3.org%2F2000%2Fsvg%22%20width%3D%22150%22%20height%3D%22150%22%20viewBox%3D%220%200%20150%20150%22%3E%3C%2Fsvg%3E\" loading=\"eager\"><\/span><span class=\"fg-image-overlay\"><\/span><\/a><\/figure><div class=\"fg-loader\"><\/div><\/div><div class=\"fg-item fg-type-image fg-idle\"><figure class=\"fg-item-inner\"><a href=\"https:\/\/teatteritulikarpanen.fi\/wp-content\/uploads\/2025\/07\/Taikametsa_promo_traileri_01-web.jpg\" data-attachment-id=\"189\" data-type=\"image\" class=\"fg-thumb\"><span class=\"fg-image-wrap\"><img decoding=\"async\" width=\"150\" height=\"150\" class=\"skip-lazy fg-image\" data-src-fg=\"https:\/\/teatteritulikarpanen.fi\/wp-content\/uploads\/cache\/2025\/07\/Taikametsa_promo_traileri_01-web\/2867575248.jpg\" src=\"data:image\/svg+xml,%3Csvg%20xmlns%3D%22http%3A%2F%2Fwww.w3.org%2F2000%2Fsvg%22%20width%3D%22150%22%20height%3D%22150%22%20viewBox%3D%220%200%20150%20150%22%3E%3C%2Fsvg%3E\" loading=\"eager\"><\/span><span class=\"fg-image-overlay\"><\/span><\/a><\/figure><div class=\"fg-loader\"><\/div><\/div><div class=\"fg-item fg-type-image fg-idle\"><figure class=\"fg-item-inner\"><a href=\"https:\/\/teatteritulikarpanen.fi\/wp-content\/uploads\/2025\/07\/Taikametsa_promo_traileri_02-web.jpg\" data-attachment-id=\"190\" data-type=\"image\" class=\"fg-thumb\"><span class=\"fg-image-wrap\"><img decoding=\"async\" width=\"150\" height=\"150\" class=\"skip-lazy fg-image\" data-src-fg=\"https:\/\/teatteritulikarpanen.fi\/wp-content\/uploads\/cache\/2025\/07\/Taikametsa_promo_traileri_02-web\/3275459897.jpg\" src=\"data:image\/svg+xml,%3Csvg%20xmlns%3D%22http%3A%2F%2Fwww.w3.org%2F2000%2Fsvg%22%20width%3D%22150%22%20height%3D%22150%22%20viewBox%3D%220%200%20150%20150%22%3E%3C%2Fsvg%3E\" loading=\"eager\"><\/span><span class=\"fg-image-overlay\"><\/span><\/a><\/figure><div class=\"fg-loader\"><\/div><\/div><div class=\"fg-item fg-type-image fg-idle\"><figure class=\"fg-item-inner\"><a href=\"https:\/\/teatteritulikarpanen.fi\/wp-content\/uploads\/2025\/07\/Taikametsa_promo_traileri_03-web.jpg\" data-attachment-id=\"191\" data-type=\"image\" class=\"fg-thumb\"><span class=\"fg-image-wrap\"><img decoding=\"async\" width=\"150\" height=\"150\" class=\"skip-lazy fg-image\" data-src-fg=\"https:\/\/teatteritulikarpanen.fi\/wp-content\/uploads\/cache\/2025\/07\/Taikametsa_promo_traileri_03-web\/3858919584.jpg\" src=\"data:image\/svg+xml,%3Csvg%20xmlns%3D%22http%3A%2F%2Fwww.w3.org%2F2000%2Fsvg%22%20width%3D%22150%22%20height%3D%22150%22%20viewBox%3D%220%200%20150%20150%22%3E%3C%2Fsvg%3E\" loading=\"eager\"><\/span><span class=\"fg-image-overlay\"><\/span><\/a><\/figure><div class=\"fg-loader\"><\/div><\/div><\/div>\n","protected":false},"excerpt":{"rendered":"<p>Teatteri Tulik\u00e4rp\u00e4sen lastenn\u00e4ytelm\u00e4 muodostuu kolmesta klassikkosadusta. Lavalla n\u00e4hd\u00e4\u00e4n kuinka Kultakutri ja kolme karhua, J\u00e4nis ja Kilpikonna sek\u00e4 Punahilkka her\u00e4\u00e4v\u00e4t eloon mets\u00e4nhengen satukirjasta tunnin kest\u00e4v\u00e4ss\u00e4 satuteatteriesityksess\u00e4. Tarinat ovat kaikille tuttuja ja sopivat mink\u00e4 ik\u00e4isille tahansa. Tervetuloa nauttimaan ihanasta satuhetkest\u00e4! N\u00e4ytelm\u00e4 soveltuu kaiken ik\u00e4isille. N\u00e4ytelm\u00e4 kest\u00e4\u00e4 noin yhden tunnin. V\u00e4liajalla saa ostaa kahvia ja virvokkeita sek\u00e4 ottaa [&hellip;]<\/p>\n","protected":false},"author":1,"featured_media":69,"parent":10,"menu_order":0,"comment_status":"closed","ping_status":"closed","template":"","meta":{"footnotes":""},"class_list":["post-45","page","type-page","status-publish","has-post-thumbnail","hentry"],"_links":{"self":[{"href":"https:\/\/teatteritulikarpanen.fi\/index.php?rest_route=\/wp\/v2\/pages\/45","targetHints":{"allow":["GET"]}}],"collection":[{"href":"https:\/\/teatteritulikarpanen.fi\/index.php?rest_route=\/wp\/v2\/pages"}],"about":[{"href":"https:\/\/teatteritulikarpanen.fi\/index.php?rest_route=\/wp\/v2\/types\/page"}],"author":[{"embeddable":true,"href":"https:\/\/teatteritulikarpanen.fi\/index.php?rest_route=\/wp\/v2\/users\/1"}],"replies":[{"embeddable":true,"href":"https:\/\/teatteritulikarpanen.fi\/index.php?rest_route=%2Fwp%2Fv2%2Fcomments&post=45"}],"version-history":[{"count":22,"href":"https:\/\/teatteritulikarpanen.fi\/index.php?rest_route=\/wp\/v2\/pages\/45\/revisions"}],"predecessor-version":[{"id":289,"href":"https:\/\/teatteritulikarpanen.fi\/index.php?rest_route=\/wp\/v2\/pages\/45\/revisions\/289"}],"up":[{"embeddable":true,"href":"https:\/\/teatteritulikarpanen.fi\/index.php?rest_route=\/wp\/v2\/pages\/10"}],"wp:featuredmedia":[{"embeddable":true,"href":"https:\/\/teatteritulikarpanen.fi\/index.php?rest_route=\/wp\/v2\/media\/69"}],"wp:attachment":[{"href":"https:\/\/teatteritulikarpanen.fi\/index.php?rest_route=%2Fwp%2Fv2%2Fmedia&parent=45"}],"curies":[{"name":"wp","href":"https:\/\/api.w.org\/{rel}","templated":true}]}}